{"id":28,"date":"2014-09-18T18:01:26","date_gmt":"2014-09-18T16:01:26","guid":{"rendered":"https:\/\/www.inst.uni-giessen.de\/idm\/primarwebquest\/?page_id=28"},"modified":"2014-09-18T18:01:26","modified_gmt":"2014-09-18T16:01:26","slug":"webquests","status":"publish","type":"page","link":"https:\/\/podcast.math.uni-giessen.de\/primarwebquest\/webquests\/","title":{"rendered":"Alle WebQuests"},"content":{"rendered":"\n<p>Nachfolgend erhaltet ihr eine alphabetische Auflistung der WebQuests. Ihr k\u00f6nnt auch in den entsprechenden Kategorien bl\u00e4ttern. Sie wurden zuletzt im Oktober 2014 \u00fcberarbeitet.<\/p>\n\n\n\n<p>Sollten sich in den aufgelisteten WebQuests Fehler eingeschlichen haben oder Links nicht mehr funktionieren, so w\u00e4ren wir \u00fcber eine kurze Info <a href=\"mailto:Lena.weiss@lehramt.uni-giessen.de\" target=\"_blank\" rel=\"noopener noreferrer\">per Mail<\/a> &nbsp;dankbar.<\/p>\n\n\n\n<figure class=\"wp-block-table\"><table><tbody><tr><td><a rel=\"noopener noreferrer\" href=\"http:\/\/www.zum.de\/GrundschulWebQuest\/index.php?module=webquest&amp;id=283&amp;navigation=einleitung\" target=\"_blank\"><strong>Ausflug in den Freizeitpark<\/strong><\/a><br>Es wird ein Klassenausflug ins Phantasialand geplant. Dazu werden Bef\u00f6rderungsmittel verglichen, ein Finanzkonzept und ein Tagesplan erstellt sowie \u00dcberlegungen getroffen, ob der Ausflug mit oder ohne \u00dcbernachtung durchgef\u00fchrt werden soll.<\/td><\/tr><tr><td><strong><span style=\"text-decoration: underline\"><a href=\"https:\/\/laengeneinheiten.weebly.com\" target=\"_blank\" rel=\"noreferrer noopener\">Das Land ohne Ma\u00dfe<\/a><\/span><\/strong><br>Hier werden verschiedene&nbsp;Orte bereist um herauszufinden, wie man messen kann. Nach Zeitreisen auf denen gepr\u00fcft wird wie damals gemessen wurde, messen die Kinder in der Gegenwart L\u00e4ngen im Klassenraum und auf dem Pausenhof.<\/td><\/tr><tr><td><strong><a href=\"https:\/\/pwq-diagramme.weebly.com\" target=\"_blank\" rel=\"noreferrer noopener\">Diagramme<\/a><\/strong><br>Dieses PrimarWebQuest soll Sch\u00fclerinnen und Sch\u00fclern helfen herauszufinden, was ein Diagramm ist und wie ein solches selbst erstellt werden kann.<\/td><\/tr><tr><td><strong><a href=\"http:\/\/podcast.math.uni-giessen.de\/primarwebquest\/wq\/prwq_drehsym\/einleitung.html\" target=\"_blank\" rel=\"noreferrer noopener\">Die Geheimnisse der Drehsymmetrie<\/a><\/strong><br>Sch\u00fclerinnen und Sch\u00fcler eigenen sich Informationen zur Drehsymmetrie an und erstellen dabei ein eigenes Drehbild.&nbsp;<\/td><\/tr><tr><td><strong><a href=\"https:\/\/webquest-gewichte.jimdosite.com\" target=\"_blank\" rel=\"noreferrer noopener\">Einen Kuchen backen &#8211; aber wie?<\/a><\/strong><br>Hier wird mithilfe der H\u00e4nde das abgesch\u00e4tzt, welcher Gegenstand schwerer ist als ein Anderer, aber auch die Waage als Hilfsmittel wird kennengelernt. Au\u00dferdem bauen die Kinder eine eigene Waage und vergleichen hiermit Gewichte. Nachdem die Gewichtseinheiten eingef\u00fchrt wurden, wird mithilfe der K\u00fcchenwaage gewogen, mit Gewichten gerechnet und zum Schluss ein Kuchen gebacken.<\/td><\/tr><tr><td><a rel=\"noopener noreferrer\" href=\"https:\/\/www.uni-giessen.de\/primarwebquest\/wq\/prwq_mathematiker\/uebersicht.html\" target=\"_blank\"><strong>Expedition in die Geschichte der Mathematik<\/strong><\/a><br>Mit diesen WebQuests k\u00f6nnen sich Sch\u00fclerinnen und Sch\u00fcler auf Expeditionen in die Geschichte der Mathematik begeben, dabei ber\u00fchmte Mathematiker treffen und auf dieser Reise selbst das Ein oder Andere ausprobieren.<ul><li><a rel=\"noopener noreferrer\" href=\"https:\/\/www.uni-giessen.de\/primarwebquest\/wq\/prwq_mathematiker\/einleitung_era.html\" target=\"_blank\">Eratosthenes<\/a><\/li> <li><a rel=\"noopener noreferrer\" href=\"https:\/\/www.uni-giessen.de\/primarwebquest\/wq\/prwq_mathematiker\/einleitung_gauss.html\" target=\"_blank\">Carl Friedrich Gau\u00df<\/a><\/li> <li><a rel=\"noopener noreferrer\" href=\"https:\/\/www.uni-giessen.de\/primarwebquest\/wq\/prwq_mathematiker\/einleitung_moebius.html\" target=\"_blank\">August Ferdinand M\u00f6bius<\/a><\/li> <li><a rel=\"noopener noreferrer\" href=\"https:\/\/www.uni-giessen.de\/primarwebquest\/wq\/prwq_mathematiker\/einleitung_pascal.html\" target=\"_blank\">Blaise Pascal<\/a><\/li> <li><a rel=\"noopener noreferrer\" href=\"https:\/\/www.uni-giessen.de\/primarwebquest\/wq\/prwq_mathematiker\/einleitung_fibo.html\" target=\"_blank\">Fibonacci<\/a><\/li> <li><a rel=\"noopener noreferrer\" href=\"https:\/\/www.uni-giessen.de\/primarwebquest\/wq\/prwq_mathematiker\/einleitung_duerer.html\" target=\"_blank\">Albrecht D\u00fcrer<\/a><\/li><\/ul><\/td><\/tr><tr><td><strong><a href=\"https:\/\/interkulturelleswebquest.weebly.com\" target=\"_blank\" rel=\"noreferrer noopener\">Interkulturelles Fest<\/a><\/strong><br>F\u00fcr ein interkulturelles Fest werden Reisejournalisten und Reisejournalistinnen, K\u00f6chinnen und K\u00f6che sowie Partyplanner gesucht. F\u00fcr jede dieser \u201aStellenausschreibungen\u2018 m\u00fcssen die Sch\u00fclerinnen und Sch\u00fcler einen Bewerbungsprozess mit unterschiedlichen Aufgaben durchlaufen. So m\u00fcssen sie als Journalist\/in Informationen und Daten sammeln, Diagramme erstellen und Interviews durchf\u00fchren.<br>Um f\u00fcr eine Einstellung als Koch\/K\u00f6chin infrage zu kommen, m\u00fcssen Rezepte gesammelt, in Tabellen gerechnet, Rezepte entsprechend angepasst, ein Kochbuch erstellt, ein Buffet geplant und zubereitet werden.&nbsp;<br>Die zuk\u00fcnftigen Partyplanner sammeln Informationen, erstellen eine Einkaufsliste und m\u00fcssen dabei das Budget im Auge behalten.<\/td><\/tr><tr><td><a rel=\"noopener noreferrer\" href=\"http:\/\/www.inst.uni-giessen.de\/idm\/primarwebquest\/wq\/pr_wq_kalender\/einleitung.html\" target=\"_blank\"><strong>Kalender<\/strong><\/a><br>Gemeinsam k\u00f6nnen nicht nur Zweitkl\u00e4ssler hier einen Jahreskalender f\u00fcr ihr Klassenzimmer erstellen. Dabei werden in Partnerkonstellation jeweils Monatsbl\u00e4tter erstellt, auf welchen &#8218;Besonderheiten&#8216; des Monats festgehalten werden sollen.<\/td><\/tr><tr><td><strong><a href=\"https:\/\/kochen-rechnen-mit-groessen.jimdosite.com\" target=\"_blank\" rel=\"noreferrer noopener\">Kochen &#8211; Rechnen mit Gr\u00f6\u00dfen<\/a><\/strong><br>Um Gerichte gut kochen zu k\u00f6nnen, wird hier das Rechnen mit Gr\u00f6\u00dfen anhand eines Kochprojekts ge\u00fcbt. Dazu werden die Zutatenmengen auf die entsprechende Zahl an Mitessenden umgerechnet, das gen\u00f6tigte Geld f\u00fcr die notwendigen Zutaten ermittelt, sowie eine Einkaufsliste erstellt, anhand deren anschlie\u00dfend eingekauft wird. An einem zweiten Projekttag soll entsprechendes Rezept dann auch gekocht werden.<\/td><\/tr><tr><td><a rel=\"noopener noreferrer\" href=\"http:\/\/laengenmessenschaetzen.weebly.com\/\" target=\"_blank\"><strong>L\u00e4ngen &#8211; Messen und Sch\u00e4tzen<\/strong><\/a><br>Die Sch\u00fclerinnen und Sch\u00fcler begeben sich auf eine Expedition zur &#8222;L\u00e4ngeninsel&#8220;. Dort sollen M\u00f6glichkeiten gefunden werden, vorher ausgemessene Gegenst\u00e4nde auch ohne Lineal vermessen zu k\u00f6nnen. Des Weiteren soll eine Karte der Umgebung erstellt werden, die im Falle eines Verwirrens Orientierung geben kann.<\/td><\/tr><tr><td><strong><a rel=\"noreferrer noopener\" href=\"http:\/\/podcast.math.uni-giessen.de\/primarwebquest\/wq\/wqwq\/wq_ll20\/vorgehen.htm\" target=\"_blank\">Lehren und Lernen mit dem Web 2.0<\/a><\/strong><br>Teilnehmerinnen und Teilnehmer erarbeiten mit diesem WebQuests die Methode \u201aWebQuest\u2018 und gestalten in diesem Rahmen ein eigenes WebQuest um es im Unterricht zielgerichtet einsetzen zu k\u00f6nnen.<\/td><\/tr><tr><td><strong><a href=\"http:\/\/www.zum.de\/GrundschulWebQuest\/index.php?module=webquest&amp;id=286\" target=\"_blank\" rel=\"noreferrer noopener\">Mathematik in vielen Sprachen<\/a><\/strong><br>Hier benennen die Sch\u00fclerinnen und Sch\u00fcler mathematische Objekte in vielen Sprachen, indem sie mathematischen Figuren die passenden Begriffe aus unterschiedlichen Sprachen zuordnen.<\/td><\/tr><tr><td><a href=\"https:\/\/grundschule-lollar.weebly.com\" target=\"_blank\" rel=\"noreferrer noopener\"><strong>Messen, Wiegen, Backen<\/strong><\/a><br>Um f\u00fcr das Ramadanfest Leckereien backen zu k\u00f6nnen, wird mit Gewichten gerechnet, diese umgewandelt und es werden verschiedene Waagen kennengelernt. Um dies zu \u00fcben, messen und wiegen die Sch\u00fclerinnen und Sch\u00fcler Gegenst\u00e4nde auf dem Schulhof. Bevor sie anfangen k\u00f6nnen zu backen, lernen die Kinder au\u00dferdem noch etwas \u00fcber das Ramadanfest.<\/td><\/tr><tr><td><strong><a href=\"https:\/\/olympia-grundschule-laengen.jimdofree.com\/aufgaben\/\" target=\"_blank\" rel=\"noreferrer noopener\">Olympische Spiele 2021 in Tokio<\/a><\/strong><br>Die Geschichte der Olympischen Spiele bietet einen Einstieg in das Thema, bevor mithilfe des Diagramm-Generators ein Diagramm zum Thema Weitsprung erstellt werden soll. Dieses wird mit in Selbstversuchen ermittelten Werten gef\u00fcllt. Anschlie\u00dfend sollen die Sch\u00fclerinnen und Sch\u00fcler erneut springen, ihre erzielte Sprungweite zuerst sch\u00e4tzen, dann ausmessen und die ermittelte L\u00e4nge in unterschiedlichen Ma\u00dfeinheiten in die das Diagramm eintragen.&nbsp;<\/td><\/tr><tr><td><a rel=\"noopener noreferrer\" href=\"http:\/\/papierflieger2013.wordpress.com\" target=\"_blank\"><strong>Papierflieger<\/strong><\/a><br>In diesem WebQuest lernen die Sch\u00fclerinnen und Sch\u00fcler ein bestimmtes Papierflieger-Modell kennen, informieren sich \u00fcber das Modell sowie Flugeigenschaften im Allgemeinen und bauen ihn anschlie\u00dfend nach, um selbst eine Rekord-Flugweite zu erzielen.<\/td><\/tr><tr><td><strong><a href=\"https:\/\/papierschiff.jimdofree.com\" target=\"_blank\" rel=\"noreferrer noopener\">Papierschiff<\/a><\/strong><br>In einem Video der Sendung \u201eSendung mit der Maus\u201c f\u00e4hrt die Maus in einem Papierschiff \u00fcber einen Fluss um den Elefanten besuchen zu k\u00f6nnen. Ob dies im echten Leben \u00fcberhaupt funktionieren kann und was Papier sonst so alles kann, soll herausgefunden werden.<\/td><\/tr><tr><td><strong><a href=\"https:\/\/sommerferien.weebly.com\">Sommerferien<\/a><\/strong><br>Da die Sommerferien vor der T\u00fcr stehen, soll die Klasse mithilfe von Umfragen herausfinden, welche Lieblings-Ferienaktivit\u00e4ten die einzelnen Kinder haben. Die ermittelten Ergebnisse sollen au\u00dferdem anschaulich dargestellt werden, sodass eine \u00dcbersicht erstellt werden kann.<\/td><\/tr><tr><td><a rel=\"noopener noreferrer\" href=\"http:\/\/symmetriewebquest.weebly.com\" target=\"_blank\"><strong>Spiegelsymmetrie<\/strong><\/a><br>In der Welt des Sch\u00f6nen \u2013 der Welt der Symmetrie \u2013 lernen die Sch\u00fclerinnen und Sch\u00fcler kennen, was es mit der Spiegelsymmetrie auf sich hat und welche Tricks es gibt, die beim Zeichnen und Basteln helfen k\u00f6nnen. Au\u00dferdem wird eine streng geheime Geheimschrift vorgestellt, die gel\u00f6st werden soll.<\/td><\/tr><tr><td><strong><a rel=\"noopener noreferrer\" href=\"http:\/\/sportreportergesucht.wordpress.com\" target=\"_blank\">Sportreporter gesucht &#8211; Daten und Diagramme<\/a> <\/strong><br>Um ein m\u00f6glichst guter Sportreport zu werden, lernen die Sch\u00fclerinnen und Sch\u00fcler, wie die Daten und Fakten f\u00fcr eine sp\u00e4tere Berichterstattung gewonnen und dargestellt werden k\u00f6nnen. <ul><li><a rel=\"noopener noreferrer\" href=\"https:\/\/sportreportergesuchtwinterspiele.wordpress.com\/\" target=\"_blank\">Olympische Winterspiele<\/a><\/li> <li><a rel=\"noopener noreferrer\" href=\"https:\/\/sportreportergesuchtsommerspiele.wordpress.com\/\" target=\"_blank\">Olympische Sommerspiele<\/a><\/li> <li><a rel=\"noopener noreferrer\" href=\"http:\/\/sportreportergesuchtformel1.wordpress.com\/\" target=\"_blank\">Formel 1<\/a><\/li> <li><a rel=\"noopener noreferrer\" href=\"https:\/\/sportreportergesuchtfussballmaenner.wordpress.com\/\" target=\"_blank\">M\u00e4nnerfu\u00dfball<\/a><\/li> <li><a rel=\"noopener noreferrer\" href=\"https:\/\/sportreportergesuchtfrauenfussball.wordpress.com\/\" target=\"_blank\">Frauenfu\u00dfball<\/a><\/li><\/ul><\/td><\/tr><tr><td><a rel=\"noopener noreferrer\" href=\"http:\/\/www.inst.uni-giessen.de\/idm\/primarwebquest\/wq\/pr_wq_tangram\/wq_einleitung.htm\" target=\"_blank\"><strong>Tangram<\/strong><\/a><br>Die Sch\u00fclerinnen und Sch\u00fcler lernen das Spiel \u201aTangram\u2018 kennen und erstellen eine eigene Tangram-Kartei, mit der die ganze Klasse arbeiten soll.<\/td><\/tr><tr><td><strong><a href=\"http:\/\/podcast.math.uni-giessen.de\/primarwebquest\/wq\/wq_titus\/titus1.htm\" target=\"_blank\" rel=\"noreferrer noopener\">Titus und die Zahlen der R\u00f6mer<\/a><\/strong><br>In diesem WebQuest lernen die Sch\u00fclerinnen und Sch\u00fcler wie sie Titus, der gerade mit einer Zeitmaschine aus der Vergangenheit angekommen ist, das heutige Datum mit r\u00f6mischen mitteilen k\u00f6nnen.<\/td><\/tr><tr><td><a href=\"http:\/\/podcast.math.uni-giessen.de\/primarwebquest\/wq\/wq_bruecken\/einleitung.htm\" target=\"_blank\" rel=\"noreferrer noopener\"><strong>Warum<\/strong> <strong>halten Br\u00fccken?<\/strong><\/a><br>Es wird eine eigene Br\u00fccke aus Papier gebaut, mehr erfahren&nbsp;\u00fcber die Statik von Br\u00fccken und sich anschlie\u00dfend informiert&nbsp;\u00fcber echte Br\u00fccken und warum diese halten.<\/td><\/tr><tr><td><a rel=\"noopener noreferrer\" href=\"http:\/\/primarwq.wordpress.com\" target=\"_blank\"><strong>WebQuest \u00fcber das PrimarWebQuest<\/strong><\/a><br>Um zu erfahren, was ein gutes WebQuest ausmacht, bewerten Studierende als \u00dcbung zur Vorlesung bereits vorhandene PrimarWebQuests.<\/td><\/tr><tr><td><strong><a href=\"https:\/\/klassenraum-bauprojekt.jimdofree.com\" target=\"_blank\" rel=\"noreferrer noopener\">Wie viel Mathematik steckt in unserem Klassenraum?<\/a><\/strong><br>Das Klassenzimmer ausmessen, Geometrische Formen, K\u00f6rper und Winkel im Klassenzimmer finden, das Thema der Achsensymmetrie auffrischen sowie den Grundriss eines Wunschklassenraums erstellen werden in diesem PrimarWebQuests eingebunden.<\/td><\/tr><tr><td><strong><a href=\"https:\/\/wuerfel-pwq.weebly.com\" target=\"_blank\" rel=\"noreferrer noopener\">W\u00fcrfeln und Zufall<\/a><\/strong><br>In diesem WebQuest erfahren Sch\u00fclerinnen und Sch\u00fcler alles, was sie wissen m\u00fcssen, um Spielregeln bei W\u00fcrfelspielen so aufstellen zu k\u00f6nnen, dass ihre Chance auf einen Gewinn des Spiels erh\u00f6ht werden.<\/td><\/tr><tr><td><a rel=\"noopener noreferrer\" href=\"http:\/\/wuerfelnetze.weebly.com\/\" target=\"_blank\"><strong>W\u00fcrfelnetze<\/strong><\/a><br>Was versteht man denn eigentlich unter einem W\u00fcrfelnetz?<br>Wie muss eine \u201eBastelvorlage\u201c aussehen, wenn ich einen W\u00fcrfel basteln m\u00f6chte?<br>Gibt es nur eine \u201eBastelvorlage\u201c, oder kann es auch verschiedene geben?<br>Dies und Weiteres sollen Sch\u00fclerinnen und Sch\u00fcler mithilfe des WebQuests herausfinden.<\/td><\/tr><tr><td><strong><a rel=\"noreferrer noopener\" href=\"https:\/\/www.uni-giessen.de\/primarwebquest\/wq\/zahldar_wqs.htm\" target=\"_blank\">Zahldarstellung verschiedener V\u00f6lker<\/a> <\/strong><br>In dieser Folge PrimarWebQuests finden die Sch\u00fclerinnen und Sch\u00fcler heraus, wie andere V\u00f6lker Zahlen dargestellt haben und schreiben dabei selbst Zahlen in den unterschiedlichen Zahlsystemen, beschreiben die Zahldarstellung und erstellen eine Pr\u00e4sentation, um das behandelte Zahlsystem dem Rest der Klasse vorstellen zu k\u00f6nnen.<span style=\"font-size: inherit;font-family: inherit\">&nbsp;<\/span> <ul><li><a rel=\"noreferrer noopener\" href=\"https:\/\/www.uni-giessen.de\/primarwebquest\/wq\/pr_wq_roemerII\/einleitung.htm\" target=\"_blank\">R\u00f6mer<\/a><\/li> <li><a rel=\"noreferrer noopener\" href=\"https:\/\/www.uni-giessen.de\/primarwebquest\/wq\/pr_wq_aegypter\/aegypter1.htm\" target=\"_blank\">\u00c4gypter<\/a><\/li> <li><a rel=\"noreferrer noopener\" href=\"https:\/\/www.uni-giessen.de\/primarwebquest\/wq\/pr_wq_babylonier\/babylonier1.htm\" target=\"_blank\">Babylonier<\/a><\/li> <li><a rel=\"noreferrer noopener\" href=\"https:\/\/www.uni-giessen.de\/primarwebquest\/wq\/pr_wq_maya\/maya1.htm\" target=\"_blank\">Maya<\/a><\/li> <li><a rel=\"noreferrer noopener\" href=\"https:\/\/www.uni-giessen.de\/primarwebquest\/wq\/pr_wq_chinesen\/chinesen1.htm\" target=\"_blank\">Chinesen<\/a><\/li> <li><a rel=\"noreferrer noopener\" href=\"https:\/\/www.uni-giessen.de\/primarwebquest\/wq\/pr_wq_griechen\/griechen1.htm\" target=\"_blank\">Griechen<\/a><\/li><\/ul><\/td><\/tr><\/tbody><\/table><\/figure>\n\n\n\n<p><\/p>\n","protected":false},"excerpt":{"rendered":"<p>Nachfolgend erhaltet ihr eine alphabetische Auflistung der WebQuests. Ihr k\u00f6nnt auch in den entsprechenden Kategorien bl\u00e4ttern. Sie wurden zuletzt im Oktober 2014 \u00fcberarbeitet. Sollten sich in den aufgelisteten WebQuests Fehler eingeschlichen haben oder Links nicht mehr funktionieren, so w\u00e4ren wir \u00fcber eine kurze Info per Mail &nbsp;dankbar. Ausflug in den FreizeitparkEs wird ein Klassenausflug ins [&hellip;]<\/p>\n","protected":false},"author":1,"featured_media":0,"parent":0,"menu_order":0,"comment_status":"closed","ping_status":"closed","template":"","meta":{"footnotes":""},"class_list":["post-28","page","type-page","status-publish","hentry"],"_links":{"self":[{"href":"https:\/\/podcast.math.uni-giessen.de\/primarwebquest\/wp-json\/wp\/v2\/pages\/28","targetHints":{"allow":["GET"]}}],"collection":[{"href":"https:\/\/podcast.math.uni-giessen.de\/primarwebquest\/wp-json\/wp\/v2\/pages"}],"about":[{"href":"https:\/\/podcast.math.uni-giessen.de\/primarwebquest\/wp-json\/wp\/v2\/types\/page"}],"author":[{"embeddable":true,"href":"https:\/\/podcast.math.uni-giessen.de\/primarwebquest\/wp-json\/wp\/v2\/users\/1"}],"replies":[{"embeddable":true,"href":"https:\/\/podcast.math.uni-giessen.de\/primarwebquest\/wp-json\/wp\/v2\/comments?post=28"}],"version-history":[{"count":0,"href":"https:\/\/podcast.math.uni-giessen.de\/primarwebquest\/wp-json\/wp\/v2\/pages\/28\/revisions"}],"wp:attachment":[{"href":"https:\/\/podcast.math.uni-giessen.de\/primarwebquest\/wp-json\/wp\/v2\/media?parent=28"}],"curies":[{"name":"wp","href":"https:\/\/api.w.org\/{rel}","templated":true}]}}