{"id":260,"date":"2015-07-02T18:33:09","date_gmt":"2015-07-02T16:33:09","guid":{"rendered":"https:\/\/www.inst.uni-giessen.de\/idm\/primarwebquest\/?page_id=260"},"modified":"2015-07-02T18:33:09","modified_gmt":"2015-07-02T16:33:09","slug":"zufall-und-wahrscheinlichkeiten","status":"publish","type":"page","link":"https:\/\/podcast.math.uni-giessen.de\/primarwebquest\/zufall-und-wahrscheinlichkeiten\/","title":{"rendered":"Daten und Zufall"},"content":{"rendered":"<p>Sollten sich in den aufgelisteten WebQuests Fehler eingeschlichen haben oder Links nicht mehr funktionieren, so w\u00e4ren wir \u00fcber eine kurze Info<a href=\"mailto:Lena.weiss@lehramt.uni-giessen.de\" target=\"_blank\" rel=\"noopener noreferrer\"> per Mail<\/a> dankbar.<\/p>\n\n\n<figure class=\"wp-block-table\"><table><tbody><tr><td><strong><a href=\"https:\/\/pwq-diagramme.weebly.com\" target=\"_blank\" rel=\"noreferrer noopener\">Diagramme<\/a><\/strong><br>Dieses PrimarWebQuest soll Sch\u00fclerinnen und Sch\u00fclern helfen herauszufinden, was ein Diagramm ist und wie ein solches selbst erstellt werden kann.<\/td><\/tr><tr><td><strong><a href=\"https:\/\/interkulturelleswebquest.weebly.com\" target=\"_blank\" rel=\"noreferrer noopener\">Interkulturelles Fest<\/a><\/strong><br>F\u00fcr ein interkulturelles Fest werden Reisejournalisten und Reisejournalistinnen, K\u00f6chinnen und K\u00f6che sowie Partyplanner gesucht. F\u00fcr jede dieser \u201aStellenausschreibungen\u2018 m\u00fcssen die Sch\u00fclerinnen und Sch\u00fcler einen Bewerbungsprozess mit unterschiedlichen Aufgaben durchlaufen. So m\u00fcssen sie als Journalist\/in Informationen und Daten sammeln, Diagramme erstellen und Interviews durchf\u00fchren.<br>Um f\u00fcr eine Einstellung als Koch\/K\u00f6chin infrage zu kommen, m\u00fcssen Rezepte gesammelt, in Tabellen gerechnet, Rezepte entsprechend angepasst, ein Kochbuch erstellt, ein Buffet geplant und zubereitet werden.\u00a0<br>Die zuk\u00fcnftigen Partyplanner sammeln Informationen, erstellen eine Einkaufsliste und m\u00fcssen dabei das Budget im Auge behalten.<\/td><\/tr><tr><td><strong><a href=\"https:\/\/olympia-grundschule-laengen.jimdofree.com\/aufgaben\/\" target=\"_blank\" rel=\"noreferrer noopener\">Olympische Spiele 2021 in Tokio<\/a><\/strong><br>Die Geschichte der Olympischen Spiele bietet einen Einstieg in das Thema, bevor mithilfe des Diagramm-Generators ein Diagramm zum Thema Weitsprung erstellt werden soll. Dieses wird mit in Selbstversuchen ermittelten Werten gef\u00fcllt. Anschlie\u00dfend sollen die Sch\u00fclerinnen und Sch\u00fcler erneut springen, ihre erzielte Sprungweite zuerst sch\u00e4tzen, dann ausmessen und die ermittelte L\u00e4nge in unterschiedlichen Ma\u00dfeinheiten in die das Diagramm eintragen.\u00a0<\/td><\/tr><tr><td><a rel=\"noreferrer noopener\" href=\"http:\/\/sommerferien.weebly.com\" target=\"_blank\"><strong>Sommerferien<\/strong><\/a><br>Da die Sommerferien vor der T\u00fcr stehen, soll die Klasse mithilfe von Umfragen herausfinden, welche Lieblings-Ferienaktivit\u00e4ten die einzelnen Kinder haben. Die ermittelten Ergebnisse sollen au\u00dferdem anschaulich dargestellt werden, sodass eine \u00dcbersicht erstellt werden kann.<\/td><\/tr><tr><td><strong><a href=\"https:\/\/wuerfel-pwq.weebly.com\" target=\"_blank\" rel=\"noreferrer noopener\">W\u00fcrfeln und Zufall<\/a><\/strong><br>In diesem WebQuest erfahren Sch\u00fclerinnen und Sch\u00fcler alles, was sie wissen m\u00fcssen, um Spielregeln bei W\u00fcrfelspielen so aufstellen zu k\u00f6nnen, dass ihre Chance auf einen Gewinn des Spiels erh\u00f6ht werden.<\/td><\/tr><\/tbody><\/table><\/figure>\n","protected":false},"excerpt":{"rendered":"<p>Sollten sich in den aufgelisteten WebQuests Fehler eingeschlichen haben oder Links nicht mehr funktionieren, so w\u00e4ren wir \u00fcber eine kurze Info per Mail dankbar. DiagrammeDieses PrimarWebQuest soll Sch\u00fclerinnen und Sch\u00fclern helfen herauszufinden, was ein Diagramm ist und wie ein solches selbst erstellt werden kann. Interkulturelles FestF\u00fcr ein interkulturelles Fest werden Reisejournalisten und Reisejournalistinnen, K\u00f6chinnen und [&hellip;]<\/p>\n","protected":false},"author":1,"featured_media":0,"parent":0,"menu_order":0,"comment_status":"closed","ping_status":"closed","template":"","meta":{"footnotes":""},"class_list":["post-260","page","type-page","status-publish","hentry"],"_links":{"self":[{"href":"https:\/\/podcast.math.uni-giessen.de\/primarwebquest\/wp-json\/wp\/v2\/pages\/260","targetHints":{"allow":["GET"]}}],"collection":[{"href":"https:\/\/podcast.math.uni-giessen.de\/primarwebquest\/wp-json\/wp\/v2\/pages"}],"about":[{"href":"https:\/\/podcast.math.uni-giessen.de\/primarwebquest\/wp-json\/wp\/v2\/types\/page"}],"author":[{"embeddable":true,"href":"https:\/\/podcast.math.uni-giessen.de\/primarwebquest\/wp-json\/wp\/v2\/users\/1"}],"replies":[{"embeddable":true,"href":"https:\/\/podcast.math.uni-giessen.de\/primarwebquest\/wp-json\/wp\/v2\/comments?post=260"}],"version-history":[{"count":0,"href":"https:\/\/podcast.math.uni-giessen.de\/primarwebquest\/wp-json\/wp\/v2\/pages\/260\/revisions"}],"wp:attachment":[{"href":"https:\/\/podcast.math.uni-giessen.de\/primarwebquest\/wp-json\/wp\/v2\/media?parent=260"}],"curies":[{"name":"wp","href":"https:\/\/api.w.org\/{rel}","templated":true}]}}