{"id":591,"date":"2014-09-07T21:42:23","date_gmt":"2014-09-07T19:42:23","guid":{"rendered":"https:\/\/fb07dida.uni-giessen.de\/primapodcast\/?page_id=6"},"modified":"2014-09-07T21:42:23","modified_gmt":"2014-09-07T19:42:23","slug":"impressum","status":"publish","type":"page","link":"https:\/\/podcast.math.uni-giessen.de\/primapodcast\/impressum\/","title":{"rendered":"Impressum"},"content":{"rendered":"<p><strong>\u00a0Verantwortlich f\u00fcr den Inhalt sind:<\/strong><\/p>\n<p style=\"text-align: left\"><a href=\"https:\/\/podcast.math.uni-giessen.de\/primapodcast\/wp-content\/uploads\/sites\/3\/2025\/05\/JLU_Giessen-Logo.svg_.jpg\"><img loading=\"lazy\" decoding=\"async\" class=\" wp-image-436 alignleft\" src=\"https:\/\/podcast.math.uni-giessen.de\/primapodcast\/wp-content\/uploads\/sites\/3\/2025\/05\/JLU_Giessen-Logo.svg_-300x109.jpg\" alt=\"\" width=\"215\" height=\"78\" srcset=\"https:\/\/podcast.math.uni-giessen.de\/primapodcast\/wp-content\/uploads\/sites\/3\/2025\/05\/JLU_Giessen-Logo.svg_-300x109.jpg 300w, https:\/\/podcast.math.uni-giessen.de\/primapodcast\/wp-content\/uploads\/sites\/3\/2025\/05\/JLU_Giessen-Logo.svg_-1024x371.jpg 1024w, https:\/\/podcast.math.uni-giessen.de\/primapodcast\/wp-content\/uploads\/sites\/3\/2025\/05\/JLU_Giessen-Logo.svg_-768x278.jpg 768w, https:\/\/podcast.math.uni-giessen.de\/primapodcast\/wp-content\/uploads\/sites\/3\/2025\/05\/JLU_Giessen-Logo.svg_-1536x556.jpg 1536w, https:\/\/podcast.math.uni-giessen.de\/primapodcast\/wp-content\/uploads\/sites\/3\/2025\/05\/JLU_Giessen-Logo.svg_-2048x742.jpg 2048w\" sizes=\"auto, (max-width: 215px) 100vw, 215px\" \/><\/a>Rebecca Klose und\u00a0Prof. Dr. Christof Schreiber<br \/>\nJustus-Liebig-Universit\u00e4t Gie\u00dfen<br \/>\nInstitut f\u00fcr Didaktik der Mathematik<br \/>\nKarl-Gl\u00f6ckner-Str. 21c<br \/>\n35394 Gie\u00dfen<\/p>\n<p>Rosa-Lena Allendorf (Studentische Hilfskraft) ist f\u00fcr die Pflege des Blogs zust\u00e4ndig.<\/p>\n<p>&nbsp;<\/p>\n<p>F\u00fcr den Inhalt verantwortlich\u00a0gem\u00e4\u00df \u00a7 55\u00a0<span class=\"link-external\"><a class=\"external-link\" title=\"\" href=\"http:\/\/revosax.sachsen.de\/Details.do?sid=3543414875512&amp;jlink=p55&amp;jabs=106\" target=\"_blank\" rel=\"noopener\"><span style=\"color: #0066cc\">MDStV<\/span><\/a><\/span>: <a href=\"http:\/\/www.uni-giessen.de\/cms\/impressum\" target=\"_blank\" rel=\"noopener\"><span style=\"color: #0066cc\">Der Pr\u00e4sident der JLU Gie\u00dfen<\/span><\/a><\/p>\n","protected":false},"excerpt":{"rendered":"<p>\u00a0Verantwortlich f\u00fcr den Inhalt sind: Rebecca Klose und\u00a0Prof. Dr. Christof Schreiber Justus-Liebig-Universit\u00e4t Gie\u00dfen Institut f\u00fcr Didaktik der Mathematik Karl-Gl\u00f6ckner-Str. 21c 35394 Gie\u00dfen Rosa-Lena Allendorf (Studentische Hilfskraft) ist f\u00fcr die Pflege des Blogs zust\u00e4ndig. &nbsp; F\u00fcr den Inhalt verantwortlich\u00a0gem\u00e4\u00df \u00a7 55\u00a0MDStV: Der Pr\u00e4sident der JLU Gie\u00dfen<\/p>\n","protected":false},"author":2,"featured_media":0,"parent":0,"menu_order":0,"comment_status":"closed","ping_status":"closed","template":"","meta":{"footnotes":""},"class_list":["post-591","page","type-page","status-publish","hentry"],"_links":{"self":[{"href":"https:\/\/podcast.math.uni-giessen.de\/primapodcast\/wp-json\/wp\/v2\/pages\/591","targetHints":{"allow":["GET"]}}],"collection":[{"href":"https:\/\/podcast.math.uni-giessen.de\/primapodcast\/wp-json\/wp\/v2\/pages"}],"about":[{"href":"https:\/\/podcast.math.uni-giessen.de\/primapodcast\/wp-json\/wp\/v2\/types\/page"}],"author":[{"embeddable":true,"href":"https:\/\/podcast.math.uni-giessen.de\/primapodcast\/wp-json\/wp\/v2\/users\/2"}],"replies":[{"embeddable":true,"href":"https:\/\/podcast.math.uni-giessen.de\/primapodcast\/wp-json\/wp\/v2\/comments?post=591"}],"version-history":[{"count":0,"href":"https:\/\/podcast.math.uni-giessen.de\/primapodcast\/wp-json\/wp\/v2\/pages\/591\/revisions"}],"wp:attachment":[{"href":"https:\/\/podcast.math.uni-giessen.de\/primapodcast\/wp-json\/wp\/v2\/media?parent=591"}],"curies":[{"name":"wp","href":"https:\/\/api.w.org\/{rel}","templated":true}]}}